(-2)*2*-1. What is the greatest common factor of 9 and i?
9
Suppose 2*d + 175 = 1169. What is the greatest common factor of d and 142?
71
Suppose 2*n = -4*d + 1952, 0 = 3*d + n - 19 - 1445. Calculate the highest common factor of d and 61.
61
Let m be (-1)/(-2)*0 + (-1 - -1). Suppose -2*q + 14 = 4*a, m = -8*q + 3*q + 5*a + 50. What is the greatest common factor of 9 and q?
9
Let j = -415 + 465. What is the greatest common divisor of 30 and j?
10
Suppose -4*m + 3*v + 90 = 0, 3*m + 5*v - 53 = -0*m. Suppose 0 = r - 329 + 308. What is the highest common divisor of m and r?
21
Let z(a) = 13*a - 9. Let s be z(5). Suppose d + d + 160 = 4*f, 0 = -2*f - 4*d + 100. Suppose 0*j - 3*j = -f. Calculate the greatest common factor of j and s.
14
Let j(i) = -i**2 - 14*i + 19. Let c be j(-15). Suppose r + 0*r - 3*n = 27, c*r - 58 = 2*n. What is the greatest common factor of 132 and r?
12
Let o = 12 - 6. Let f(i) = i**2 + 9*i + 6. Let k(d) = d - 5. Let x be k(-4). Let v be f(x). Calculate the highest common divisor of o and v.
6
Let i be 6/3*7/1. Let c be (-6 - -2 - -1)*5. Let j = c + 22. What is the highest common divisor of j and i?
7
Suppose 114 = -3*h - 270. Let s be (h/(-10))/(1/5). Suppose 2*w + i = 3*w - s, -4*w + 288 = 4*i. What is the greatest common factor of 17 and w?
17
Suppose 0 = -u + 4*u - 6. Suppose 0 = -4*v + u*v + 176. Suppose 2*t = 2*d - 272, 5*d - 604 = 2*t + v. What is the greatest common factor of d and 56?
28
Let f be ((-1)/(-1))/((-3)/60). Let g be (f - -18)/(2/(-4)). Let o(p) = p**3 - 3*p**2 + 3*p - 7. Let z be o(g). What is the highest common factor of z and 3?
3
Let n(s) = -s**3 - 18*s**2 + 34*s + 34. Let u be n(-20). Suppose z - 8 - 6 = 0. What is the highest common factor of z and u?
14
Let t be 161 - (0 + 6 + (-3)/1). Suppose 13*j = t - 41. Suppose 6*h - m = h + 318, 2*h + 4*m = 114. What is the greatest common divisor of h and j?
9
Let g = 26 + 39. Calculate the greatest common divisor of 52 and g.
13
Suppose -4 = -2*q + 2*c, c = 4*q - 0*c - 11. Suppose 43 = q*h + 5*r, -4*h + 14 = -3*h + 2*r. What is the greatest common divisor of 112 and h?
16
Suppose 0 = 9*d - 265 + 85. What is the highest common divisor of d and 100?
20
Let z = 615 + -583. What is the highest common factor of z and 152?
8
Let y be (-10 + 5)*2 - -153. What is the highest common factor of 117 and y?
13
Let n = 130 - 120. Suppose -4*a - 3*a = -630. What is the greatest common factor of n and a?
10
Suppose 0 = 4*u - 2*c + 500, -2*u - 2*c = 2*c + 240. Let p be 1/2 - u/8. Let j be -6*(-33)/(-22)*(-6)/27. Calculate the greatest common factor of j and p.
2
Suppose -2*w - 2*i + 99 = -47, -5*w + 4*i = -392. Calculate the greatest common divisor of w and 38.
38
Let m be (3 - (-61)/(-2))*10*-1. Calculate the greatest common factor of 11 and m.
11
Let k = 2772 - 1503. Calculate the greatest common divisor of 564 and k.
141
Let v(y) = -y**3 - 16*y**2 - 37*y - 44. Let a be v(-16). Calculate the greatest common factor of a and 4.
4
Let x(y) = -y**2 - 29*y + 282. Let g be x(-34). Calculate the greatest common factor of g and 80.
16
Let c(v) be the second derivative of 3*v**4/2 - v**3/3 - 3*v**2/2 + 42*v. Let q be c(-1). What is the highest common factor of 51 and q?
17
Suppose -b + w - 2 = -4*b, -3*b - 5*w - 14 = 0. Calculate the highest common divisor of b and 10.
2
Let d be 2*-2 - (38 - 1)*-17. What is the greatest common divisor of d and 25?
25
Let l be 21 - 5/(-10)*2. What is the highest common divisor of l and 242?
22
Suppose -6*s + 223 = -605. Let d = s - 98. Let j(h) = h**2 - h + 5. Let q be j(0). What is the highest common divisor of q and d?
5
Suppose 203 = 9*z + 23. What is the greatest common factor of 230 and z?
10
Let v = 1 + 14. Let i = 35 - 26. Let b(f) = -f**3 + 11*f**2 - 7*f + 6. Let m be b(i). What is the greatest common divisor of v and m?
15
Let y(h) = -h**3 - 4*h**2 + h + 11. Let m be y(-4). What is the highest common divisor of m and 287?
7
Let s be (2168/28 - 4)/(12/84). Calculate the greatest common divisor of s and 2.
2
Suppose 3*t - 126 = t. Let j be ((-3)/(-9))/(2/(-30)). Let v(x) = -4*x - 11. Let m be v(j). What is the greatest common factor of m and t?
9
Suppose 211 = 2*b - 3*o - 703, 3*o - 1846 = -4*b. Calculate the highest common divisor of 23 and b.
23
Suppose 4*m + 32760 = 82*m. Calculate the highest common divisor of 168 and m.
84
Let c(z) = -3*z**2 - 70*z - 65. Let j be c(-21). Calculate the greatest common factor of j and 1312.
82
Suppose 0 = -j - 4*t - t + 26, -3*j + 129 = -2*t. What is the greatest common factor of 369 and j?
41
Let g(i) = -i**2 + 10*i - 12. Let t be g(5). Let l be (-3 - -2)*13*-7. What is the greatest common divisor of t and l?
13
Suppose -q - 2*q = 5*r + 448, -4*r - 584 = 4*q. Let n be 15*(-1)/(6*-1)*82. Let t = q + n. Calculate the highest common factor of 96 and t.
32
Suppose 15 = -5*t, -h - 77 = -6*h + 4*t. Suppose y - 5 = -1, -5*o = 2*y - 463. Calculate the greatest common divisor of o and h.
13
Let f = 92 + -65. Let n be 345/f - (4 + 76/(-18)). What is the greatest common divisor of n and 78?
13
Let v be (-2 - 69)/((-1)/13). Calculate the highest common factor of v and 213.
71
Suppose -40*q + 46*q - 24 = 0. Suppose 0 = -x + 8 - 1. Let d(v) = -v**2 + 7*v + 4. Let z be d(x). What is the highest common factor of q and z?
4
Suppose 0 = i + 2, -5*m - 3*i - i + 97 = 0. Suppose -5*f = -4*g - 578 + 154, f + 4*g = 80. What is the greatest common divisor of m and f?
21
Let u be 8/(-6)*((-4 - 42) + 1). Let n be 66/14 + (-4)/(-14). Suppose -2*m + 3*v = 2*v - 22, n*v - 22 = -m. What is the highest common divisor of u and m?
12
Let x(q) = 5*q**2 - 5*q + 6. Let w be x(-2). Suppose -5*u + 3*i = -2*i - 425, -2*u - 3*i + 195 = 0. What is the highest common divisor of w and u?
18
Let r be 40*4/30*3. Let l(h) = 26*h + 16. Let y be l(r). Suppose -4*w - y = -5*i - 0*w, -i + 69 = 5*w. Calculate the highest common divisor of 28 and i.
28
Let t(h) = h**2 - 6*h - 5. Let o be t(7). Suppose 4*z - o*i = i + 375, 12 = 4*i. Calculate the highest common factor of z and 64.
32
Let n = -1571 - -2595. Calculate the highest common factor of 32 and n.
32
Let y be -3 + 4 + 61 + (3 - 1). Let t(q) = q**3 + 5*q**2 - 4*q - 4. Let o be t(-5). Calculate the greatest common factor of y and o.
16
Let q = -45 + 55. Let d(h) = h - 7. Let g be d(q). What is the highest common factor of g and 24?
3
Let a(m) = m**3 - 9*m**2 - 9*m - 8. Let f be a(10). Suppose f*k + 2*k + 120 = 5*d, -k = d - 24. Calculate the greatest common factor of 12 and d.
12
Let y(k) = k**2 + 7*k + 6. Suppose -47 = 6*q - 5. Let g be y(q). Suppose 0 = -g*j + 365 + 139. Calculate the greatest common divisor of j and 12.
12
Let p(y) be the first derivative of -171*y**4/2 - 2*y**3/3 + y**2/2 + 2*y + 18. Let c be p(-1). What is the greatest common divisor of c and 31?
31
Suppose y + 4898 = 3*v, -20 = -4*y - 28. Calculate the greatest common factor of 12 and v.
12
Let j = 147 - 102. What is the highest common divisor of j and 135?
45
Let y = 18 + -21. Let o be 14/3 + 2/y. Suppose -4*m = -3*m - 2*x, 4*m = 2*x + 6. Calculate the highest common divisor of m and o.
2
Suppose -2485 = -12*z - 373. What is the highest common divisor of z and 616?
88
Let q be 26/(-9 - (-981)/108). Calculate the highest common factor of 260 and q.
52
Let m(o) = -16*o + 13. Let i be m(-1). Calculate the greatest common divisor of i and 145.
29
Let j(g) = -3*g - 12. Let n be j(-12). Let c(w) = 8*w**2 - 8. Let x be c(-4). Calculate the highest common divisor of n and x.
24
Let c = 121 + -120. What is the greatest common factor of c and 29?
1
Suppose v - 477 = -5*w, 0 = 2*v - 5*w + 121 - 1060. Calculate the greatest common factor of 32 and v.
8
Let w be 2/((27/18)/(6/1)). Suppose 0 = -w*a + 37 - 13. What is the greatest common factor of 24 and a?
3
Suppose -42 = 3*k - 6*k. Suppose -8 = 2*i - 2*z, -3*z - 26 + 6 = 5*i. Let r be 21996/143 - i/22. Calculate the highest common divisor of k and r.
14
Let d be 6*(94/4 - -1). Let k be (-565)/9 + (-32)/144. Let v = d + k. Calculate the greatest common factor of 21 and v.
21
Suppose 22*i - 158 - 1074 = 0. What is the greatest common divisor of 280 and i?
56
Let q = 167 + -77. Suppose r - 4 = 0, 3*m - 9*r + 8*r = 104. What is the highest common divisor of q and m?
18
Let j(x) = -30*x**3 + 